uppose 0 = -f + 2*f - 5. Suppose -8*c = -f*c - 144. Is 4 a factor of c?
True
Let p(n) = -n**2 - 5*n - 6. Let j(g) = g**3 - 3*g**2 - 3. Let k be j(3). Let i be p(k). Suppose -2*d - 4*t + 64 = i, d - 2*t + 0*t = 48. Is d a multiple of 10?
True
Suppose -5*t + 71 = -504. Let h = t + 35. Is h a multiple of 14?
False
Suppose m - 11*m = -5100. Is 51 a factor of (m/20)/((-2)/(-8))?
True
Suppose -10*p + 8640 = 5*i - 14*p, 0 = -4*i + p + 6912. Does 54 divide i?
True
Let z = -45 + 46. Is (-912)/(-14) + z/(-7) a multiple of 13?
True
Let t(r) be the second derivative of 28*r**3/3 + r**2 - 38*r. Does 17 divide t(3)?
True
Suppose 0 = -2*f + 5*f - 12. Suppose -2*s = n - f*s + 2, 0 = -n + s - 1. Suppose n = -2*c + 5*c - 5*k - 181, -10 = 5*k. Is c a multiple of 10?
False
Suppose -5*a + 0*y = -4*y - 40, 0 = -5*a + 5*y + 45. Suppose a*g - 2*g - 57 = -5*v, -66 = -2*g - 2*v. Is 18 a factor of g?
True
Is (-159 - -33)/((-3)/10) a multiple of 6?
True
Let u(f) = -406*f + 96. Is 7 a factor of u(-2)?
False
Let t = 16 + -45. Is 17 a factor of ((-2 + 1)*t)/1?
False
Is 18 a factor of 355 - (6/24)/((-2)/40)?
True
Suppose 3*r = t - 15, 0 = -t + 3*t + r + 5. Let l = t + 93. Does 31 divide (l/(-12))/(3/(-36))?
True
Let o(i) = -22*i - 12. Is o(-4) a multiple of 76?
True
Let q be -2 + 4 + -2 - -1. Does 13 divide -9*(q + (-145)/15)?
True
Let d(t) = -t**2 + 8*t - 1. Let u be d(10). Let h = u - -63. Does 7 divide h?
True
Let l = 684 - 208. Is 7 a factor of l?
True
Suppose 7*m = -1 + 127. Is m a multiple of 6?
True
Let b(u) = 16*u + u**2 + 0 + 0*u**2 - 2*u**2 + 1. Is b(13) a multiple of 8?
True
Suppose 0 = 3*s - 9*s - 10854. Is 11 a factor of (8/(-6) + 1)/(9/s)?
False
Let o be ((-65)/(-20))/(3/12). Suppose 3*g + 31 = 8*g - 3*q, -3*g = q - o. Suppose -4*t + 2*h + 114 = 0, h + 129 = g*t + 3*h. Does 11 divide t?
False
Suppose 6*f - 169 - 29 = 0. Is 4 a factor of f?
False
Let i(r) = -59*r - 52. Let c be i(-5). Let a = c + -23. Is 55 a factor of a?
True
Let k(p) be the first derivative of -p**3/3 - 9*p**2/2 + 3*p - 7. Let i be k(-8). Let z(y) = y**3 - 12*y**2 + 13*y + 12. Does 6 divide z(i)?
False
Let p(r) = 0*r + 25*r**3 + 3 - 24*r**3 + 3*r - 10*r**2. Is 7 a factor of p(10)?
False
Let z = -554 + 805. Suppose 50 = u + 15. Suppose u - z = -4*j. Does 13 divide j?
False
Let p(t) = 2*t - 6. Let u be p(7). Is 64/(-2)*(-18)/u a multiple of 36?
True
Let p = 91 + -15. Suppose 0 = -3*g + 572 + p. Is g a multiple of 23?
False
Suppose -n = -4*n + 6. Let t(k) = 3*k**2 + n*k**2 - 4*k**2 - 6*k + 10. Is t(11) a multiple of 13?
True
Let i(a) = -a**3 + 28*a**2 - 30*a + 69. Let o be i(27). Let w = 249 + -141. Is ((-9)/o)/(3/w) a multiple of 9?
True
Let f(k) = -k**2 - 4*k + 10*k - 6 + 0*k. Let o be f(3). Suppose -o*t + t = -84. Does 14 divide t?
True
Suppose m + 4 = 5*m. Let k be (m/(-2))/((-2)/24). Suppose k*o - 15 = 111. Does 10 divide o?
False
Let g = -34 - -36. Suppose g*b - 4*b + 40 = 0. Is 5 a factor of b?
True
Let s(u) = 26*u + 269. Is s(7) a multiple of 15?
False
Let r be ((-14)/21 - 344/6)/(-2). Suppose r*a = 26*a + 39. Does 13 divide a?
True
Suppose 2*x = 2*h - 2, -2*x - 2*h + 6*h = 8. Suppose 4*d = -0*d + x*i + 140, 5*i = -4*d + 154. Is d a multiple of 10?
False
Let l = -673 - -998. Let d = l - 132. Let t = -107 + d. Is 28 a factor of t?
False
Does 24 divide (-34)/(2890/51) + 14363/5?
False
Does 9 divide (-18)/(-4)*(28 - (2 + 2))?
True
Suppose -3*r + 4*r + j = 8, 3*r - 2*j - 34 = 0. Let c be ((-14)/35)/((-2)/r). Is 14 a factor of 1/(c + (-285)/144)?
False
Suppose -5*m + 2*f = -2*m - 244, 5*m + 5*f - 365 = 0. Is 39 a factor of m?
True
Let g(j) = -5*j - 5. Suppose l - 5 = -3*i - 20, -4*l + 15 = -3*i. Let v be g(i). Let a = v - 12. Is 8 a factor of a?
True
Let s be -4 + 282 + 3 + 1. Suppose 146 = o - 3*o - 4*y, 3*y + s = -4*o. Let f = 183 + o. Does 29 divide f?
False
Suppose 0*l - 4 = 2*l. Is 7 a factor of (16 - 27)*l*2?
False
Let s = 2961 - 2011. Is s a multiple of 39?
False
Let q = 598 - -52. Is 26 a factor of q?
True
Let o be (2 - 10/4)*-214. Suppose -3*c + o = -c - t, -266 = -5*c + 2*t. Does 13 divide c?
True
Suppose 0 = -3*h - 9*c + 14*c + 452, -5*h - 3*c + 708 = 0. Is h a multiple of 36?
True
Suppose -2*q = -4*q + 2*p + 522, q + 2*p - 267 = 0. Does 34 divide q?
False
Let y(c) = c - 4. Let l be y(-9). Let x = 22 - l. Is 35 a factor of x?
True
Let m(a) = -2*a**3 - 37*a**2 + 10*a - 31. Is m(-19) a multiple of 28?
True
Let d(v) = v**3 - 19*v**2 - 19*v - 20. Let p be d(20). Let u(y) = 2*y + 76. Does 19 divide u(p)?
True
Let c(z) be the first derivative of z**4/4 + 8*z**3/3 - 5*z**2/2 - z - 46. Is 16 a factor of c(-6)?
False
Let o be (6 - 0) + (0 - -2). Suppose 0 = 3*r - o - 10. Let x(y) = 7*y - 14. Does 24 divide x(r)?
False
Suppose 170 = -4*h + 6*h. Let q(p) = p**2 + 2*p + 1. Let x be q(-3). Suppose m + x*m = h. Does 12 divide m?
False
Suppose -5*h = -h - 16. Suppose 22 = 4*t + 4*j + j, -h*j = t - 11. Suppose t*q + 14 = 29. Does 2 divide q?
False
Suppose -b + 1458 = h, 3*b - 505 = -h + 955. Is 31 a factor of h?
True
Does 15 divide -750*(52/8 - 7)?
True
Let v = 81 - 2. Suppose -h = v - 332. Let p = h - 173. Is p a multiple of 24?
False
Let l(i) = -36*i + 58. Let g(r) = -12*r + 19. Let q(m) = 10*g(m) - 3*l(m). Let c be q(12). Is (-63)/28*c/6 a multiple of 24?
True
Suppose 0 = -54*d + 8*d + 26266. Is d a multiple of 20?
False
Let k(s) = -2*s + 9. Let w be k(4). Suppose w = 4*h - 7. Suppose 12 = 2*v - h. Is 7 a factor of v?
True
Suppose 0 = 29*b - 37*b + 3696. Does 77 divide b?
True
Suppose 11*v = 2844 + 1017. Does 12 divide v?
False
Let m = 434 - 414. Is 2 a factor of m?
True
Suppose 0 = 2*f + 4, -4*h = -3*f + 342. Let p be (6/6)/(3/h). Let o = -22 - p. Does 4 divide o?
False
Let g(s) = 5*s + 2. Let c be g(1). Is (-2)/c + 9262/77 a multiple of 15?
True
Suppose 55*q = 59*q - 6216. Is q a multiple of 42?
True
Let b = 85 - 86. Let w = b - -85. Does 42 divide w?
True
Let g(a) = -a + 2. Let f be g(-1). Let o be 56/10 + f/(-5). Suppose 0 = -3*k + 8*k + 15, o*b - 2*k - 161 = 0. Is 9 a factor of b?
False
Let p(d) = 8*d**2 - 4*d + 3. Let i be (-60)/(-33) - (-4)/22. Does 9 divide p(i)?
True
Let h(v) be the third derivative of 5*v**4/24 - 2*v**3/3 + 2*v**2. Let y be h(3). Suppose -z + y = -39. Does 25 divide z?
True
Let k(b) = 3*b**2 - 3*b. Let g be k(2). Suppose -z + g*z = 20. Suppose 45 = -z*h + 293. Is 16 a factor of h?
False
Suppose 3*u - a - 22 = 11, 4*a + 55 = 5*u. Suppose u*j - 168 = 7*j. Does 7 divide j?
True
Does 2 divide ((-1)/3*-354)/(2/1)?
False
Suppose 49*u - 46*u + f - 794 = 0, -4*u = -4*f - 1048. Is u a multiple of 33?
True
Suppose -2*d = -d - 10. Let p = -6 + d. Suppose -r - 3*z + 31 = -12, -p*z + 114 = 3*r. Is r a multiple of 7?
False
Let p = -5 - -4. Is 12 a factor of (-539)/(-22) + p/2?
True
Suppose 161 = 2*z + 27. Is z a multiple of 2?
False
Let w = -2 - 9. Let p be (-31)/w + (-2)/(-11). Suppose q + 3*c = 2*q - 31, 3*q - 33 = -p*c. Is 10 a factor of q?
False
Suppose -5*w + 9 = 5*y - 1, 3*y + 4*w = 11. Is 7 a factor of 0/y + (-76)/(-1) + 1?
True
Does 40 divide (-32)/(-40) - (-3603)/15?
False
Let p = 157 + 17. Does 10 divide p?
False
Let q = 1716 - 190. Does 20 divide q?
False
Suppose 40*j - 504 = 26*j. Is j a multiple of 10?
False
Let z = -90 + 95. Suppose -2*l + h = -357, z*l - 2*h - 139 - 755 = 0. Is l a multiple of 30?
True
Let y(t) = 22*t + 56. Let p be y(8). Let k = 403 - p. Is k a multiple of 9?
True
Let g = 17 - 8. Let i = g - 8. Does 36 divide 152/2 + (i - 3)?
False
Suppose 5*g + 20 = -0. Does 31 divide (-14)/(-8)*(64 + g)?
False
Let a = 2140 - 1775. Does 10 divide a?
False
Is 9 a factor of 5/(50/(-40)) + 374 + 3?
False
Let v(d) = -d**3 + 10*d**2 + d - 10. Let a be v(10). Suppose a = t - 0*t. Suppose -5*u + 135 = -t*u. Is u a multiple of 7?
False
Let y be 66 + -4 + 8 + -3. Let h = y + -46. Does 7 divide h?
True
Let y = 635 - -5. Is 20 a factor of y?
True
Suppose 3*a + 2821 = 3*t - 6935, 4*t + 5*a = 12999. Is 31 a factor of t?
False
Suppose 145 = 2*j + 4*q - 315, j = -5*q + 221. Is j a multiple of 23?
False
Suppose 0 = 2*s - 5*s + 12. Suppose j + 5*t + 13 = 2*t, 5*j - 30 = s*t. Suppose 6*i - j*d - 4 = 4*i, 0 = -3*d. Is i even?
True
Let f(y) = 3*y**2 - 2. Let a be f(-2). Let l = a + -8. Suppose l*c = 2*h + 50, -3*c + 73 = h - 6*h. Does 13 divide c?
True
Suppose 4 = x + 5*y - 3*y, -